isor of p and 18?
18
Let n be ((-6)/9)/(5/(-120)). What is the highest common divisor of n and 64?
16
Let u(p) = 3*p - 13. Let b be u(13). What is the highest common divisor of b and 208?
26
Suppose r = 19 + 35. Suppose -y = 2*y - r. Calculate the greatest common factor of 27 and y.
9
Let r(m) = 2*m**3 - m - 2. Let p(y) = -2*y**3 + y**2 + 3. Let g(h) = -3*p(h) - 4*r(h). Let a be g(-5). Calculate the greatest common factor of a and 14.
14
Suppose -4*i = -a - 5*i + 100, -2*i - 8 = 0. What is the highest common divisor of 8 and a?
8
Suppose 0 = -3*s + 23 + 1. Let m(x) = 4*x**2 - 6*x + 6. Let h be m(3). What is the highest common divisor of h and s?
8
Let x be 1/2*(3 + -1). Let i be 0 + (-2)/x + 17. Let q = -3 - -6. Calculate the greatest common factor of q and i.
3
Let v be 5/(-4) + (-5)/(-20). Let c = -3 - v. Let j be c/(-4) + (-17)/(-2). Calculate the highest common factor of 6 and j.
3
Suppose 4*c = -5*f - 192 + 508, 323 = 5*f - 3*c. What is the highest common factor of 16 and f?
16
Suppose -18 - 24 = -7*p. What is the greatest common divisor of 24 and p?
6
Let p(k) = k**2 - 8*k + 7. Let y be p(5). Suppose -2*t = -4, -5*x + 4*t - 68 = -0*x. Let q = y - x. What is the greatest common factor of 16 and q?
4
Suppose -3*b + 28 + 83 = 0. Suppose -2*l - 42 = 2*z, 63 = -3*l + 3*z - 24. Let x = l + b. What is the greatest common divisor of 12 and x?
12
Suppose 0 = v - 6*v + 10. Let w(g) = 3*g + 2*g**v - 1 - 3*g. Let b be w(-1). What is the highest common divisor of b and 7?
1
Suppose -26 = -3*l - 17. Calculate the greatest common divisor of 78 and l.
3
Suppose y + 4*y + 47 = r, -17 = -r - 5*y. Calculate the greatest common factor of 4 and r.
4
Let t be (27/(-12))/(3/(-24)). Suppose -4*l + 81 + 27 = 0. What is the greatest common factor of t and l?
9
Let q = -70 - -262. What is the highest common divisor of q and 24?
24
Let f(r) be the first derivative of -r**4/4 - 3*r**3 - 5*r**2 - 5*r - 1. Let g be f(-8). What is the highest common factor of 1 and g?
1
Suppose -2*w - 2*j = -38, 24 = 2*w - 2*j - 2. Let z = 44 + -28. What is the highest common divisor of w and z?
16
Let z = 591 + -351. What is the greatest common factor of z and 16?
16
Suppose s - 64 = -3*s. Let j be (-8)/5 + 2/(-5). Let g(d) = -d**3 - 3*d**2 - 4*d - 2. Let f be g(j). Calculate the highest common factor of f and s.
2
Suppose 0 = -5*l + 2*k + 60, -20 - 40 = -5*l - 4*k. Suppose v + 392 = 3*t, -5*t + 251 = v - 413. Calculate the highest common divisor of t and l.
12
Let f = -31 + 46. Suppose 0 = 4*z - 6 - 14. Suppose z*x - 5*i + 10 = 0, -3*x + 28 = -2*x + 5*i. Calculate the highest common divisor of f and x.
3
Let k(f) = -5*f - 2. Let z be k(-10). What is the highest common factor of z and 6?
6
Suppose 2*k - 420 = -5*k. Suppose 31 = 3*j - 5. Calculate the highest common divisor of k and j.
12
Let o be -1*(-3)/3 - -6. Let d(s) = 3*s - o - 4 + 4. Let l be d(5). Calculate the greatest common divisor of 12 and l.
4
Let w = 25 - -10. Suppose -8*l + 4*l = c - 13, -4*c + 12 = -4*l. What is the greatest common factor of c and w?
5
Suppose -8 = 4*v - 24. Suppose -3*m = -0*n - 4*n - 11, 3*m = 5*n + 13. What is the greatest common divisor of m and v?
1
Let o(a) = -11*a - 195. Let x be o(-25). Let v(h) = -h**3 + 5*h**2 + 2*h - 4. Let k be v(4). Calculate the greatest common divisor of k and x.
20
Let k be (5 - 0) + (-1)/(-1). Let j be (-3)/6*(-2)/1. Let w be j/(14/(-8) - -2). Calculate the highest common factor of w and k.
2
Let g(x) = 2*x**2 + 25*x + 25. Let q be g(-12). Suppose -5*u - 5*d + 191 = -199, -5*d = -u + 78. What is the highest common divisor of q and u?
13
Let t = -20 + 90. Let b be -2 + 1*(-2 - -4). Let m(x) = x**2 + 10. Let h be m(b). What is the greatest common divisor of h and t?
10
Let w(t) = -7*t**2 - t**3 - 3*t - 6 - 2*t - 3*t. Let f be w(-6). Suppose 0 = 3*v - 5 - 4. Calculate the highest common divisor of f and v.
3
Let s be -3 - (-28 + 3)*1. Suppose -1 = 3*o - s. Calculate the greatest common divisor of 7 and o.
7
Suppose -3*z + 0*z = 0. Suppose z = -2*f + 30 + 36. Let b = f + -23. Calculate the greatest common divisor of b and 4.
2
Suppose -2*y - 15 = -3*h, -5 = -2*y - h - 0*h. Suppose y*x - x + 32 = 0. Suppose 3*m = m + x. Calculate the highest common divisor of m and 8.
8
Suppose j + 13 = w, 5*j - 3 = w + 4. Let n = 21 - w. Calculate the highest common divisor of 2 and n.
1
Let g = -223 + 240. Let f = -50 - -101. Calculate the greatest common divisor of g and f.
17
Suppose 132 = -j + 7*j. What is the highest common divisor of j and 220?
22
Suppose 0*u + 24 = 4*u. Suppose -2*b - i = -11, -b = -u*b - i + 20. Suppose -n + 13 = -b. What is the highest common divisor of 128 and n?
16
Let r(y) = y**3 + 8*y**2 + 8*y - 4. Let q be r(-6). Calculate the highest common factor of q and 30.
10
Let p = 171 + -163. Calculate the highest common factor of 2 and p.
2
Let z = 81 - 79. What is the greatest common factor of 13 and z?
1
Let f(b) = -8*b - 4. Let r(w) = w**3 - 8*w**2 - 9*w - 3. Let i be r(9). Let k be f(i). What is the highest common divisor of k and 4?
4
Suppose 29 + 163 = 12*a. Suppose -19 + 219 = 5*y. What is the greatest common divisor of a and y?
8
Let m = 533 - 357. What is the highest common factor of 16 and m?
16
Let w = 25 + -1. Suppose -5*n = 4*l - 28, -2*n = n + l - 21. What is the highest common factor of n and w?
8
Let n = 74 + -9. Calculate the greatest common divisor of 13 and n.
13
Let s = -7 + 3. Let a be (-2)/(-4) - 130/s. Let q = a + -5. What is the highest common divisor of 7 and q?
7
Let y(d) = -d**3 + 8*d**2 - 9*d + 16. Let c be y(7). Suppose 0 = c*m - 3*q - 234, -2*q = -m + 112 + 5. What is the greatest common divisor of 13 and m?
13
Let i = -6 + 6. Suppose 2*x - a - 18 = -5*a, -3*a = -6. Suppose i*z - 65 = -x*z. Calculate the highest common divisor of z and 91.
13
Let p(k) = -k + 2. Let n be p(2). Suppose n = -4*w - 42 + 218. Let x = -1 + 12. What is the greatest common factor of x and w?
11
Let n = 16 - -8. What is the highest common factor of 36 and n?
12
Let z(s) = 8*s**3 + s**2 - 2*s + 1. Let n be z(1). Let y be 2/n - (-1395)/20. Calculate the highest common factor of 14 and y.
14
Let d(b) = -b**3 + 4*b**2 + b + 4. Let i be 16/6*3/2. Let l be d(i). Suppose 4*s = 13 + 3. Calculate the greatest common divisor of l and s.
4
Let r(p) = 2*p - 6. Let f be (2/(-4))/(2/(-48)). Suppose -f = -3*u + u. Let i be r(u). Calculate the greatest common divisor of i and 66.
6
Let x = -88 - -158. Calculate the greatest common factor of 10 and x.
10
Let t = 61 + -40. Let c(y) = -y**3 + 8*y**2 + 2*y - 2. Let u be c(8). Calculate the highest common divisor of t and u.
7
Suppose -4*n + 3*s = -54, -32 = -3*n - 2*s - 0*s. Suppose 85 - 250 = -3*m. Let v = -19 + m. Calculate the highest common factor of n and v.
12
Suppose l - 10 = -4*l. Suppose 0 = -l*v - v + 39. What is the highest common divisor of 143 and v?
13
Let o(p) = 1 + 4 + 4*p**2 - p**3 - 3*p + 2*p**2. Let a be o(5). Suppose 0 = 5*s - 0*s - a. Calculate the greatest common factor of s and 21.
3
Suppose 10 = -3*c + 94. Calculate the greatest common factor of 7 and c.
7
Let z = 18 + -14. Suppose -5*x + 220 = 5*s, -5*s - 20 + 108 = 2*x. Calculate the highest common divisor of z and x.
4
Let n = 2 + -2. Let h be n/((-4)/2) + 3. Let u(q) = q**2 + 2*q - 3. Let i be u(h). What is the highest common factor of i and 30?
6
Let v(s) = s**2 - 5*s - 4. Let g be v(7). Suppose a + 4*j = -a - 20, 4*a + 34 = -2*j. Let h = a + 38. What is the highest common divisor of g and h?
10
Let i = -54 - -86. What is the greatest common divisor of 160 and i?
32
Let f be 3*((-154)/(-6))/1. What is the greatest common divisor of f and 11?
11
Suppose 6*r + 7*r - 1183 = 0. What is the highest common factor of r and 39?
13
Let p = 32 - 19. Let b = -221 - -460. Suppose -t + 584 = 5*v, 0*v + b = 2*v - 5*t. What is the highest common factor of p and v?
13
Let s = 26 + -21. Calculate the highest common divisor of s and 35.
5
Let x = 0 + 0. Suppose x*t = -3*t - 9. Let m be (-2 - 6/t) + 7. What is the highest common factor of 49 and m?
7
Suppose -51 = -5*b - 6. Let n = b + -1. Calculate the greatest common factor of n and 56.
8
Suppose m + 27 = -5*w, 2*w + 18 = -3*w - 4*m. Let s(v) = -v**3 - 6*v**2 - 3*v + 2. Let z be s(w). Calculate the greatest common d